r of h and 20?
10
Suppose 0 = b - f + 2*f - 48, -f = -2*b + 84. What is the greatest common factor of b and 4?
4
Suppose -4*b = l - 149, 41 = b - l + 5*l. Suppose 4 = j - 2*j, -m = -2*j - b. Let i = -21 + m. What is the highest common divisor of 24 and i?
8
Suppose 8*n = 44 + 28. What is the highest common divisor of n and 36?
9
Let w(r) = 3*r - 83. Let v be w(32). Calculate the greatest common factor of v and 2.
1
Let f be (-772)/(-12) - 2/(-3). Calculate the greatest common divisor of 13 and f.
13
Suppose -r - 35 = -6*r. Let x = 18 - 10. Let v be 74 + 1/((-2)/x). Calculate the greatest common divisor of v and r.
7
Suppose 4*i - 3*w - 522 = -0*w, 0 = -5*i + w + 658. What is the highest common divisor of 12 and i?
12
Suppose 15 = 3*a - 0*a, -90 = -4*j - 2*a. What is the highest common factor of j and 30?
10
Let z = 10 + -5. Let f be 3*((-4)/(-3) - 0). Suppose 0 = -2*d - f + 14. Calculate the highest common factor of z and d.
5
Let z(h) = -9*h - 4. Let m(u) = 8*u + 5. Let b(c) = -6*m(c) - 5*z(c). Let v be b(-6). What is the greatest common divisor of 64 and v?
8
Let r(j) = j + 12. Let m be r(-7). Suppose m*q - 13 = 7. Calculate the greatest common divisor of q and 4.
4
Suppose 4*w = -5*u + 68, -w + 16 = u + w. What is the highest common factor of 36 and u?
12
Let f = 31 + -26. What is the highest common factor of 25 and f?
5
Suppose -3*k - k = -20. Suppose k*m - 5*j = 5, 0*m - m + 2*j = -2. Suppose 5*c - 54 - 6 = m. Calculate the greatest common divisor of c and 8.
4
Suppose o - 239 = -o + 3*k, 2*o - 233 = 5*k. Let n = o + -68. Let u(h) = 5*h - 2. Let i be u(2). What is the highest common divisor of i and n?
8
Let y(l) = -l**2 + 13*l - 8. Let b be y(12). Suppose 2 = k - b*u, -k + 2*u - 26 = -2*k. What is the highest common divisor of k and 27?
9
Let c = 98 - 80. Calculate the highest common factor of 126 and c.
18
Let t = 129 + 39. Suppose 3*o - t = -o. Suppose -o = 2*j - 234. What is the greatest common factor of j and 12?
12
Let q(h) = -3*h**3 + h**2 - h - 1. Let s be q(-1). Suppose s*k + 63 = 7*k. Calculate the highest common factor of k and 3.
3
Let x = 9 - 7. Let b be (x/(-1) - 1)*-4. Suppose -3*y = -4*y + 18. What is the greatest common divisor of b and y?
6
Let l(d) = -7*d + 7. Let t be l(7). Suppose y = 2*h - 25, y - h + 26 = -0*y. Let x = y - t. Calculate the highest common factor of x and 5.
5
Let b = 168 + -114. What is the highest common divisor of b and 6?
6
Let n(x) = -x**3 - 5*x**2 - 5*x + 1. Let g be n(-4). Let i be -2*(3 - g - 10). What is the highest common divisor of 216 and i?
24
Let h(l) = l + 95. Let x be h(0). Let n be 38/(-5)*20/(-4). Calculate the highest common divisor of n and x.
19
Let c be (9 - 7)/(2/36). What is the highest common divisor of 36 and c?
36
Suppose 2*g = g + 36. Calculate the greatest common factor of g and 9.
9
Let c = 4 + 19. Let o = c + -14. What is the greatest common factor of o and 1?
1
Let a be 42 - ((-8)/(-1) - 4). What is the greatest common factor of a and 95?
19
Let j be (-2)/15 - (-366)/45. What is the highest common factor of j and 8?
8
Let j be -1*12/(-2) - -1. Let r(m) = 2*m - 15*m**2 - m + 7*m**2 - 1 + 9*m**2. Let a be r(1). What is the highest common divisor of j and a?
1
Let h(u) = -1 + u - 2*u**2 - u**3 + 0*u + 6*u**2. Let y be h(2). Let l(w) = 9*w**3 - 2*w - 5. Let j be l(2). Calculate the highest common divisor of y and j.
9
Suppose -2*o = 26 - 54. Calculate the greatest common factor of 35 and o.
7
Let p = -21 + 41. What is the highest common factor of p and 10?
10
Let q = 1 + 5. What is the highest common divisor of q and 66?
6
Let i(q) = 24*q - 46. Let y be i(6). What is the highest common divisor of y and 14?
14
Let q = 272 + -56. What is the greatest common factor of 24 and q?
24
Suppose 254 - 74 = 4*w. Let m(s) = s**3 + 5*s**2 - 3*s - 4. Let v be m(2). What is the greatest common divisor of v and w?
9
Let s(t) = 4*t**2 - 1. Let f be s(1). Suppose -f*z = -0*z - 60. What is the highest common factor of z and 180?
20
Let n(o) = o**3 + 8*o**2 + 8*o - 13. Let m be n(-6). Suppose -2*u + u = 4*q - 115, -5*q + 515 = 5*u. Calculate the greatest common divisor of m and u.
11
Let v(y) = 2*y + 33. Let t be v(-10). What is the highest common factor of 221 and t?
13
Suppose -3*q = -4*k + 405, -5*q + 425 = 4*k - 4*q. Calculate the highest common divisor of k and 21.
21
Suppose i - 20 = 3*i. Let n be (-4)/i - 86/(-10). Calculate the greatest common divisor of 99 and n.
9
Let y be -1 - (-7 - -3) - 55. Let x be (-1 + -5)*y/8. Calculate the greatest common divisor of 13 and x.
13
Let u = 1 - 2. Let v be (1 - u) + (1 - -2). Suppose -2*x + x + v = 0. What is the greatest common factor of 45 and x?
5
Suppose 6*u = -121 + 361. Calculate the greatest common factor of 5 and u.
5
Let a(m) = m**3 - 3*m**2 + 2*m + 1. Let u be a(2). What is the greatest common divisor of u and 9?
1
Suppose u = 2*u + 141. Let b = 201 + u. What is the highest common factor of b and 12?
12
Suppose 0 = -4*z, -500 = -5*w + z - 4*z. Calculate the highest common factor of w and 40.
20
Let w = -1 - -27. What is the greatest common factor of 65 and w?
13
Let m(n) = 45*n**2 + 2*n + 1. Let c be m(-1). Calculate the highest common factor of c and 66.
22
Let j be (18/4)/(9/60). Calculate the greatest common divisor of 6 and j.
6
Let g be (1/(-3))/(3/(-135)). Suppose -5*s = l, 9*l = -2*s + 4*l. Suppose 0 = -s*k - 5*k + 675. What is the greatest common divisor of k and g?
15
Let h(i) = i**3 + i**2 - 1. Let k be h(3). Let w(d) = -4*d - 4. Let u be w(-5). Suppose u = 2*y + 2. Calculate the highest common divisor of y and k.
7
Let i be 1444/16 - 1/4. Calculate the highest common factor of i and 18.
18
Let b = 52 - 45. Calculate the highest common divisor of 3 and b.
1
Suppose 2*b = 2*o, 0 = -2*b - b. Suppose -s + 0 - 2 = o. Let w be s/(-3)*-3 - -14. Calculate the greatest common divisor of w and 6.
6
Suppose 0 = -4*v, -2 - 1 = -a - 2*v. Suppose 4*n - n - 2*q = 5, -2*n = -a*q. Let m be n + -2 + 0 - -14. What is the greatest common factor of 15 and m?
15
Suppose -5*m = -3*q - 8, 4*q = 3*m - 0*m + 4. Calculate the greatest common divisor of 36 and q.
4
Suppose -2*z + 30 = r, -3*r + z + 55 = -0*r. Calculate the greatest common factor of 140 and r.
20
Let g = 38 + -35. Calculate the greatest common factor of g and 27.
3
Let y(s) = s**3 + 5*s**2 - 6*s + 2. Let i be y(-6). Suppose -i*g + 9 + 2 = u, 0 = 3*g - u - 9. Calculate the highest common factor of 28 and g.
4
Let j be (-1)/(-2 + 3) + 5. Suppose -j*p + 12 = 4*o - 0*p, 3*o = 5*p + 9. Suppose 57 - 9 = o*h. What is the highest common factor of h and 48?
16
Suppose m - s - s - 8 = 0, 3*m + 5*s - 13 = 0. Calculate the highest common divisor of 9 and m.
3
Let t be (-236)/(-5) + (-32)/(-40). What is the greatest common divisor of t and 6?
6
Let z(y) = 2*y**3 - 3*y**2 + 2*y - 3. Let x be z(2). What is the highest common divisor of 25 and x?
5
Suppose 2*a + 8*d = 3*d + 208, a - 110 = -4*d. Suppose t = 3*t - a. Suppose -v + 25 + t = 0. Calculate the greatest common divisor of v and 8.
8
Suppose 5*h = -0*h. Suppose h = 4*y - 2*y - 356. Suppose 38 + 8 = x - t, 0 = -4*x - 2*t + y. What is the greatest common divisor of 18 and x?
9
Let x be (-36)/(-10) + (-2)/(-5). Suppose -3*m = -7*m + x. Let q(p) = -2*p - 8. Let u be q(-5). What is the greatest common divisor of u and m?
1
Let h be 1 + -5 + 6 + 5. What is the highest common factor of 7 and h?
7
Let v be ((-4)/(-10))/((-1)/(-75)). Calculate the greatest common factor of 6 and v.
6
Suppose -2*p - 7*m + 267 = -2*m, -5*m + 141 = p. What is the greatest common factor of 36 and p?
18
Let k = -174 - -182. What is the greatest common factor of k and 8?
8
Let d = -101 - -380. Calculate the greatest common factor of 31 and d.
31
Let n(i) = 10*i - 1. Let j be n(1). Let l = 0 + -12. Let r be (-4)/(-6)*(-18)/l. Calculate the greatest common factor of j and r.
1
Let u be 6*(-1)/(-4)*8. Suppose 2*d = 5*d + 3. Let y be d/((2 - 1)/(-48)). Calculate the greatest common divisor of u and y.
12
Suppose 0 = 3*t + 9 - 54. Calculate the greatest common factor of t and 5.
5
Let y(p) = 2*p**3 + 4*p**2 + 4*p + 2. Let n be y(-2). Let z be 70/6 - n/18. Calculate the highest common factor of z and 3.
3
Let o(d) = 6*d + 3 + 14*d - d. Let k be o(5). Let v = -22 + 36. What is th